 - 3*u. What is x(-1)?
27
Let k(o) = -o**3 + 36*o**2 + 161*o - 58. What is k(40)?
-18
Let i(d) = -d**2 + 132*d + 9818. What is i(-53)?
13
Let l(z) = 22*z + 93. Give l(2).
137
Let a(q) = -103*q - 925. Determine a(-9).
2
Let a(b) = b**3 - 98*b**2 - 1451*b - 99. Determine a(-13).
5
Let j(v) = 6*v**2 - 76*v - 677. Determine j(-6).
-5
Let u(o) = -13*o**3 + 690*o**2 - 50*o - 55. Determine u(53).
104
Let w(g) = 2130*g + 4265. Determine w(-2).
5
Let i(r) = 133*r - 899. Calculate i(7).
32
Let j(x) = -x**3 + 40*x**2 + 20*x - 804. What is j(40)?
-4
Let v(j) = j**3 + 8*j**2 + 25*j + 123. Give v(-6).
45
Let x(q) = -3*q**3 - 22*q**2 + 8*q + 96. What is x(-7)?
-9
Let v(s) = 2*s**3 - 58*s**2 + 59*s - 64. Determine v(28).
20
Let k(j) = 92*j - 1895. Determine k(27).
589
Let a(y) = -y**3 + 17*y**2 + 90*y - 1259. Determine a(18).
37
Let w(p) = 60*p**2 - 599*p + 35. What is w(10)?
45
Let o(u) = -84*u - 184. Give o(-2).
-16
Let u(t) = t**3 + 17*t**2 + 28*t + 240. Give u(-16).
48
Let w(y) = 42*y + 670. Determine w(-17).
-44
Let j(z) = z**3 - 14*z**2 + 41*z + 109. What is j(7)?
53
Let w(h) = h**2 - 3*h + 145. Determine w(-16).
449
Let c(j) = -j**3 - 7*j**2 - 6*j + 27. What is c(-5)?
7
Let y(h) = h**2 + 62*h - 157. What is y(-62)?
-157
Let g(b) = b**3 + 4*b**2 - 85*b + 150. Determine g(6).
0
Let o(n) = -24*n**2 - 61*n - 61. Calculate o(-2).
-35
Let s(w) = w**3 + 2*w**2 + 2*w + 95. What is s(-5)?
10
Let u(s) = 4*s**2 + 14*s + 35. What is u(-4)?
43
Let f(j) = -17*j - 268. What is f(-17)?
21
Let g(r) = -r**3 + 13*r**2 - 10*r - 48. Determine g(12).
-24
Let k(n) = -87*n**2 - 864*n + 36. What is k(-10)?
-24
Let o(d) = -86*d - 949. What is o(-11)?
-3
Let q(u) = 150*u + 917. What is q(-6)?
17
Let n(m) = -m**3 - 19*m**2 - 84*m - 10. Determine n(-7).
-10
Let j(f) = 33*f + 26. What is j(-1)?
-7
Let j(d) = -2*d**2 - 1747*d + 10558. Calculate j(6).
4
Let n(g) = 11*g**3 - 6*g**2 - 5*g + 1. Calculate n(-4).
-779
Let y(x) = -3*x**3 - 36*x**2 + x + 1. Give y(-12).
-11
Let g(k) = 3*k**2 - 156*k + 1055. Determine g(45).
110
Let l(d) = -87*d - 86. Give l(-1).
1
Let h(r) = -6197*r - 24782. What is h(-4)?
6
Let n(u) = -u**2 - 74*u + 270. Give n(-77).
39
Let g(a) = -a**3 - 65*a**2 - 136*a - 805. Determine g(-63).
-175
Let n(l) = 4*l**3 + 176*l**2 - l - 36. What is n(-44)?
8
Let r(n) = -8*n**2 + 8*n - 41. Determine r(4).
-137
Let r(u) = -7*u**3 + 23*u**2 - 14*u - 8. Calculate r(1).
-6
Let c(k) = k**3 + 6*k**2 + 25*k + 150. Calculate c(-6).
0
Let f(v) = -v**3 + 12*v**2 + 140*v + 56. Calculate f(-7).
7
Let k(u) = -u**3 + 9*u - 35. Determine k(7).
-315
Let p(f) = 39*f + 749. Calculate p(-19).
8
Let d(s) = s**3 + 13*s**2 - 26*s + 35. Calculate d(-15).
-25
Let t(s) = -19*s**2 - 45*s + 265. Give t(6).
-689
Let f(z) = 29*z - 494. What is f(25)?
231
Let t(v) = v**2 - 687*v - 34497. What is t(-47)?
1
Let x(i) = -i**3 - 29*i**2 + 173*i + 1348. Calculate x(-33).
-5
Let v(a) = 4*a**3 + 51*a**2 + 18*a - 16. Give v(-12).
200
Let k(y) = 4*y - 91. Calculate k(29).
25
Let c(z) = 5*z**3 - 93*z**2 - 38*z + 204. Calculate c(19).
204
Let v(r) = -607*r + 92857. What is v(153)?
-14
Let h(w) = 47*w - 2379. Give h(54).
159
Let m(k) = k**2 - 91*k + 282. Determine m(3).
18
Let s(m) = 24*m - 145. Calculate s(12).
143
Let w(h) = h**3 - 48*h**2 - 26*h + 1261. Calculate w(48).
13
Let b(j) = 7*j**3 - 5*j**2 + 28*j - 90. What is b(4)?
390
Let j(x) = -48*x - 103. Give j(0).
-103
Let a(f) = -2*f**3 - 5*f**2 + 293*f - 1114. Give a(7).
6
Let l(a) = -23*a - 269. What is l(-17)?
122
Let i(l) = l**3 + 3*l**2 - 14*l - 22. What is i(-5)?
-2
Let d(i) = 54*i**2 + 8*i. Give d(1).
62
Let y(w) = w**3 + 4*w**2 - 232*w + 338. Calculate y(-18).
-22
Let y(s) = -204*s - 23. Determine y(-1).
181
Let g(q) = -q**3 + 5*q**2 + 21*q - 107. What is g(5)?
-2
Let h(g) = 3*g**3 - g**2 + 10*g - 25. Calculate h(3).
77
Let m(b) = -3*b**2 + 93*b + 1039. Calculate m(-9).
-41
Let y(q) = -1056*q + 13720. Determine y(13).
-8
Let h(s) = -33*s**3 - 10*s**2 - 8*s - 10. Give h(-2).
230
Let r(b) = -2*b**2 + 81*b + 518. Give r(-6).
-40
Let d(i) = i**3 + 49*i**2 - 402*i + 52. Determine d(7).
-18
Let s(b) = 6*b**2 - 19*b + 196. Give s(8).
428
Let z(s) = -3*s**3 - 16*s**2 - 39*s - 228. Calculate z(-6).
78
Let k(g) = 9*g**2 + 7*g + 33. What is k(-5)?
223
Let w(t) = t**3 - 42*t**2 + 6*t - 252. Calculate w(42).
0
Let f(i) = 9*i**3 + 37*i**2 - 111*i + 6. Determine f(3).
249
Let l(a) = a**3 + 85*a**2 + 4*a + 218. Calculate l(-85).
-122
Let y(x) = 51*x - 1233. What is y(24)?
-9
Let r(m) = 14*m**2 - 183*m + 582. Give r(7).
-13
Let b(i) = -3*i**3 - 14*i**2 + 61*i + 86. Calculate b(-7).
2
Let p(k) = -193*k + 4641. Give p(24).
9
Let o(q) = 5*q - 214. Give o(38).
-24
Let b(p) = -97*p + 333. Give b(3).
42
Let w(f) = -1032*f + 2064. Determine w(2).
0
Let n(z) = -z**2 + 7*z + 317. Calculate n(-15).
-13
Let b(t) = -27*t + 1. Calculate b(0).
1
Let g(t) = 5*t + 255. Calculate g(-37).
70
Let j(b) = -b**2 + 49*b + 459. Determine j(56).
67
Let n(a) = a**3 - 17*a**2 + 72*a - 40. Determine n(11).
26
Let j(i) = -i**3 - 327*i**2 + 3703*i - 5066. Give j(-338).
4
Let t(s) = -10*s - 92. What is t(-7)?
-22
Let x(g) = -g**3 - 79*g**2 - 217*g - 4864. Determine x(-77).
-13
Let i(a) = -15*a**2 - 3*a + 7. What is i(-1)?
-5
Let z(v) = 2*v**2 + 17*v - 689. Give z(-23).
-22
Let n(m) = -m**3 + 31*m**2 + 38*m + 61. Calculate n(32).
253
Let u(p) = 11*p**3 - 8*p**2 + 7*p + 5. Calculate u(-1).
-21
Let z(m) = -m**2 - 94*m - 838. Determine z(-10).
2
Let n(o) = -82*o + 35. What is n(0)?
35
Let b(c) = 84*c + 321. Give b(-3).
69
Let z(g) = 63*g + 6226. What is z(-99)?
-11
Let q(z) = -80*z - 1593. Give q(-20).
7
Let a(k) = -78*k - 2803. Determine a(-36).
5
Let v(q) = -q**2 - 7*q + 354. Give v(16).
-14
Let d(m) = -123*m + 611. Give d(5).
-4
Let d(x) = -1129*x + 346597. What is d(307)?
-6
Let o(l) = -398*l + 17913. Determine o(45).
3
Let b(i) = 1183*i - 36669. What is b(31)?
4
Let f(v) = 84*v + 1903. Calculate f(-22).
55
Let f(v) = -2*v**3 - 39*v**2 - 77*v - 219. Determine f(-18).
195
Let x(m) = -125*m + 5584. Give x(45).
-41
Let b(g) = -5*g**2 - 744*g + 4637. Give b(6).
-7
Let m(s) = 506*s - 7086. Calculate m(14).
-2
Let x(n) = -n**3 - 9*n**2 + 7*n - 342. Determine x(-12).
6
Let m(j) = j**2 - 58*j - 833. Calculate m(70).
7
Let n(s) = 3*s**3 + 141*s**2 + 8*s + 356. Calculate n(-47).
-20
Let f(m) = -35*m + 809. Calculate f(23).
4
Let v(x) = -123*x + 1352. Determine v(11).
-1
Let u(l) = -l**3 - 69*l**2 + 142*l + 10. Give u(-71).
10
Let u(d) = 18*d + 468. What is u(-27)?
-18
Let m(q) = -735*q + 5711. Calculate m(8).
-169
Let k(l) = l**2 + 105*l + 2647. Give k(-63).
1
Let l(u) = u**3 - 16*u**2 + 23*u - 139. Determine l(16).
229
Let j(v) = -50*v - 552. What is j(-11)?
-2
Let p(w) = -w**3 - 23*w**2 - w + 1154. What is p(-20)?
-26
Let p(h) = -19*h**2 + 4*h - 13. Calculate p(3).
-172
Let i(p) = p**3 - 16*p**2 - 129*p - 54. Calculate i(22).
12
Let i(r) = r**3 + 53*r**2 + 53*r + 55. Determine i(-52).
3
Let s(g) = -g**2 + 79*g - 797. Give s(12).
7
Let j(w) = -2*w**2 + 54*w + 51. Calculate j(28).
-5
Let l(p) = 58*p - 370. Give l(7).
36
Let i(c) = 6*c - 108. Determine i(13).
-30
Let y(x) = -10*x**3 - 18*x**2 + 38*x + 5. Determine y(3).
-313
Let k(a) = 60*a + 1251. Give k(-21).
-9
Let g(z) = 4*z**3 - 40*z**2 - 4*z + 19. Determine g(10).
-21
Let w(c) = -2*c**2 + 105*c - 104. Calculate w(51).
49
Let j(u) = -u**3 - 50*u**2 - 267*u - 15. What is j(-6)?
3
Let s(i) = -2*i**2 - 14*i - 32. Calculate s(-9).
-68
Let m(h) = 3*h**2 - 97*h - 1678. Give m(-14).
268
Let f(d) = -d**3 + 19*d**2 + 33*d + 86. Calculate f(21).
-103
Let d(u) = -u**3 + 38*u**2 + 72. Determine d(38).
72
Let q(c) = -c**2 + 5*c + 82. What is q(11)?
16
Let x(o) = 34*o + 439. Calculate x(-14).
-37
Let g(a) = 19*a**2 + 3*a - 4. What is g(4)?
312
Let h(k) = -212*k - 4447. What is h(-21)?
5
Let g(a) = -9*a - 29. Determine g(-13).
88
Let z(q) = 37*q - 144. Calculate z(5).
41
Let m(s) = -114*s + 7297. What is m(64)?
1
Let m(b) = -b**3 - 71*b**2 - 204*b - 176. Determine m(-68).
-176
Let j(k) = 1278*k - 7709. Determine j(6).
-41
Let d(u) = 18*u + 1012. What is d(-56)?
4
Let q(m) = 272*m**3 - m**2 - 3*m + 5. Determine q(1).
273
Let g(i) = 2*i**3 + 2*i**2 - 38*i - 6. Give g(4).
2
Let d(n) = n**3 - 24*n**2 + 8*n - 32. What is d(24)?
160
Let o(c) = -2*c**2 - 17*c + 227. Give o(-1